2021222101022
What is -8830a (base 14) in base 12?
-13aa9a
Convert -63606530 (base 7) to base 13.
-116c915
101000111101010110001 (base 2) to base 15
1b7a04
Convert 20421420 (base 5) to base 14.
46079
What is 729aa (base 13) in base 12?
9b252
Convert 11415024 (base 10) to base 12.
39a5b00
-23404344 (base 5) to base 8
-646240
-25552 (base 9) to base 5
-1022334
What is 40877 (base 10) in base 15?
c1a2
What is -102010011202122 (base 3) in base 4?
-112202132111
-324647 (base 8) to base 7
-632455
What is 13144256 (base 7) in base 10?
1204412
Convert 126d6 (base 16) to base 8.
223326
-1683 (base 16) to base 9
-7813
Convert -11102111011 (base 3) to base 4.
-111101002
What is -373127 (base 9) in base 8?
-670127
166103 (base 7) to base 4
20020223
-10022120212 (base 3) to base 9
-108525
What is 96658 (base 14) in base 9?
613516
-12132301 (base 5) to base 2
-11100000000001101
Convert -44445501 (base 6) to base 11.
-838783
-11065710 (base 8) to base 15
-32235d
Convert -b0c (base 15) to base 12.
-1533
-49114d (base 14) to base 16
-2625d1
20100220110 (base 3) to base 8
364607
What is aa23e (base 16) in base 8?
2521076
236050 (base 7) to base 6
530354
What is -2011010101010 (base 3) in base 2?
-100010111010100001010
Convert -11133210 (base 4) to base 9.
-33770
31233 (base 6) to base 16
1065
What is -1010120010102 (base 3) in base 7?
-5053460
What is 4332320 (base 6) in base 5?
23330032
104432130 (base 6) to base 14
377090
What is 133413232 (base 6) in base 3?
12001210110102
Convert 23b292 (base 14) to base 5.
303042400
What is -7cad57 (base 14) in base 2?
-10000001111000001010001
Convert 12723a (base 15) to base 6.
30544031
Convert 699518 (base 11) to base 10.
1110678
Convert -1111101011011000 (base 2) to base 4.
-33223120
Convert 11bb797 (base 12) to base 7.
41414434
Convert 21778 (base 15) to base 13.
3950c
Convert -101000111001010101001 (base 2) to base 3.
-2112002020100
15983 (base 14) to base 16
d2ff
Convert 11233011 (base 4) to base 10.
23493
Convert -12420304333 (base 5) to base 15.
-1543213
Convert -100000100010010010010 (base 2) to base 16.
-104492
105211 (base 12) to base 10
257773
What is -28906 (base 12) in base 5?
-3302343
What is -287909 (base 11) in base 12?
-198265
Convert -10120211002 (base 3) to base 4.
-101032310
-111001001010101001 (base 2) to base 7
-1663443
What is -3eb4c3 (base 16) in base 11?
-2357596
346825 (base 9) to base 5
23132221
-1153410 (base 10) to base 3
-2011121011220
What is 684ba3 (base 14) in base 7?
42103463
Convert 122283a (base 11) to base 4.
20013030122
Convert -21792 (base 11) to base 16.
-7b49
Convert 4882543 (base 9) to base 8.
12074602
What is 1423400130 (base 5) in base 11?
2119412
Convert -238807 (base 10) to base 5.
-30120212
What is 1154340 (base 8) in base 13?
b1789
Convert -11122111 (base 9) to base 2.
-10100100011011101100010
Convert 2806 (base 9) to base 11.
1650
What is 65120731 (base 8) in base 12?
4800335
What is -30786 (base 10) in base 9?
-46206
-240c837 (base 13) to base 8
-52461530
133775 (base 10) to base 12
654bb
Convert -20032303 (base 5) to base 3.
-22001100122
Convert 2174d7 (base 14) to base 5.
242243440
Convert 8462619 (base 10) to base 16.
81211b
-18953 (base 16) to base 14
-289a3
Convert -4323151 (base 8) to base 11.
-720068
Convert 32303 (base 6) to base 4.
1011033
Convert -44252556 (base 7) to base 6.
-213405103
Convert 5fb2 (base 16) to base 12.
12216
Convert -6362132 (base 7) to base 13.
-2101c7
Convert -12a3362 (base 14) to base 10.
-8998250
Convert 122123120301 (base 4) to base 9.
14028280
What is 2a404 (base 15) in base 10?
135904
Convert -2080484 (base 9) to base 3.
-2002200112211
29da4 (base 15) to base 5
13302304
-855394 (base 10) to base 15
-11d6b4
-9b0a46 (base 12) to base 14
-483b4a
What is -e1c78 (base 15) in base 14?
-148790
Convert -1766705 (base 8) to base 9.
-871706
What is 27980 (base 12) in base 9?
83346
What is -1653ea (base 15) in base 16?
-107e3f
-113203030 (base 4) to base 13
-34ba0
What is 303530005 (base 6) in base 8?
23726325
1311988 (base 13) to base 14
b16ac7
1210224 (base 6) to base 8
174150
Convert -111012200000 (base 3) to base 10.
-260010
Convert 3123437 (base 8) to base 6.
25434543
What is -1b2c237 (base 13) in base 16?
-894056
Convert -4345260 (base 8) to base 3.
-2012020110012
4547070 (base 8) to base 3
2022121120221
Convert 236571 (base 9) to base 7.
1132546
-1c712c0 (base 14) to base 5
-12122140030
-193774 (base 11) to base 2
-1001000101100001101
-62495 (base 10) to base 9
-104648
Convert 3528904 (base 10) to base 6.
203345304
-28b4c0 (base 13) to base 16
-f32e9
Convert -221023002310 (base 4) to base 2.
-101001001011000010110100
30422410 (base 5) to base 9
417758
Convert -1139ca (base 14) to base 2.
-10001111001010101110
What is -1000101111011011 (base 2) in base 8?
-105733
What is -834685 (base 13) in base 9?
-5682607
-23303322232 (base 4) to base 8
-13637256
What is 33004440 (base 5) in base 3?
112022122122
What is 168412 (base 11) in base 15?
520b2
What is -2674d (base 14) in base 2?
-10111001000010001
-782b67 (base 12) to base 15
-27bb71
What is -48366 (base 9) in base 11?
-22366
What is -7b9e26 (base 16) in base 15?
-aa0644
-235563 (base 10) to base 12
-b43a3
What is -10110202200011 (base 3) in base 13?
-4c8085
13e46 (base 16) to base 2
10011111001000110
-148a486 (base 11) to base 9
-4711466
What is 32054305 (base 6) in base 10?
940577
What is 1400612 (base 15) in base 5?
12143220432
What is -2110132031 (base 4) in base 3?
-1010220012202
1c8cd (base 16) to base 13
412c6
What is 44238 (base 12) in base 13?
32087
What is 9ba9c (base 16) in base 10?
637596
Convert -3120044 (base 5) to base 13.
-1a452
Convert 3b45b (base 12) to base 11.
56561
What is -7c668 (base 13) in base 16?
-3783f
What is -422135 (base 6) in base 10?
-34187
What is -100445054 (base 6) in base 11?
-a73026
244167 (base 14) to base 13
34588b
Convert 47163 (base 10) to base 7.
254334
What is -a195 (base 16) in base 12?
-1bb31
22006430 (base 7) to base 8
7140763
What is 222233333 (base 4) in base 16?
2abff
Convert 23240210 (base 5) to base 4.
303233122
Convert -12004133 (base 8) to base 16.
-28085b
What is -13336152 (base 9) in base 8?
-31060700
-3a08a (base 12) to base 4
-103123222
30a11 (base 11) to base 10
45145
11467 (base 10) to base 6
125031
-2120341320 (base 5) to base 10
-4465210
Convert -10011120 (base 5) to base 10.
-78910
Convert 99253 (base 11) to base 7.
1136652
-1586a1 (base 12) to base 11
-230a79
-a471a (base 15) to base 6
-15101354
-255543 (base 9) to base 15
-30dcc
Convert -5cea9 (base 16) to base 8.
-1347251
-42430573 (base 8) to base 11
-5126425
What is 2777521 (base 9) in base 7?
15661606
What is -1121302 (base 6) in base 5?
-3313400
What is 197709 (base 10) in base 6?
4123153
Convert -312011404 (base 5) to base 15.
-1a4d39
What is -1000011101100110100101 (base 2) in base 16?
-21d9a5
2a1b67 (base 14) to base 7
15310360
Convert 20102020111021 (base 3) to base 15.
475511
-2d1b68 (base 14) to base 5
-401030143
What is 11111000212 (base 3) in base 7?
515144
Convert -112121203122 (base 4) to base 11.
-3350661
-56c69 (base 14) to base 9
-351372
2242120 (base 5) to base 2
1001110101011101
What is 1201200112112 (base 3) in base 9?
1650475
What is 52bdd7 (base 16) in base 13?
117b214
-2475672 (base 14) to base 3
-1012220210122011
-2443e1 (base 15) to base 3
-10021011211211
Convert 110101100101000 (base 2) to base 12.
13a60
What is -1101200101 (base 3) in base 4?
-12231031
What is 1185d1 (base 15) in base 8?
3145261
16675 (base 9) to base 14
4289
What is -4031060 (base 7) in base 14?
-c63a0
-23a19 (base 14) to base 11
-5a444
What is -22641565 (base 8) in base 4?
-102310031311
What is -403b7 (base 15) in base 2?
-110001101001010011
What is -3789288 (base 10) in base 4?
-32131013220
Convert 24101045 (base 9) to base 3.
211010001001112
66160373 (base 8) to base 9
28663064
Convert -1348e8 (base 15) to base 4.
-3202100300
What is 684538 (base 10) in base 3?
1021210000021
-201232122 (base 4) to base 14
-384b0
Convert -13322773 (base 8) to base 11.
-1763707
What is 1001101000000010101 (base 2) in base 13?
b0747
Convert 1125333434 (base 6) to base 4.
233332322332
Convert -5294a1 (base 12) to base 13.
-367759
What is 1512050 (base 6) in base 8?
252376
Convert -84605 (base 13) to 